t is the greatest common divisor of 152 and 7828?
76
Calculate the highest common divisor of 4165 and 340.
85
Calculate the greatest common factor of 1536 and 3.
3
Calculate the greatest common divisor of 441 and 252.
63
Calculate the highest common divisor of 4332 and 12.
12
Calculate the highest common divisor of 59 and 3953.
59
What is the highest common divisor of 225 and 175?
25
What is the greatest common divisor of 1148 and 266?
14
Calculate the greatest common divisor of 11 and 275.
11
What is the highest common divisor of 3328 and 26?
26
What is the highest common divisor of 228 and 1083?
57
Calculate the greatest common divisor of 76 and 7429.
19
What is the highest common divisor of 2571 and 3?
3
Calculate the highest common factor of 236 and 177.
59
What is the highest common divisor of 234 and 2496?
78
What is the greatest common divisor of 26 and 13871?
13
What is the highest common factor of 6125 and 49?
49
Calculate the highest common factor of 54 and 189.
27
What is the highest common factor of 62 and 4154?
62
Calculate the greatest common divisor of 357 and 21.
21
What is the highest common factor of 1 and 1?
1
Calculate the highest common factor of 710 and 30.
10
Calculate the greatest common factor of 64 and 10304.
64
Calculate the highest common factor of 23 and 72013.
23
What is the highest common factor of 767 and 1829?
59
What is the greatest common factor of 650 and 50?
50
Calculate the greatest common divisor of 656 and 82.
82
Calculate the highest common factor of 10 and 1195.
5
What is the highest common divisor of 188 and 4?
4
Calculate the highest common divisor of 790 and 40.
10
What is the highest common divisor of 14 and 16842?
14
What is the greatest common factor of 1107 and 48?
3
Calculate the greatest common factor of 106 and 2.
2
What is the highest common divisor of 784 and 208?
16
What is the greatest common factor of 172 and 4?
4
Calculate the highest common factor of 126 and 147.
21
What is the greatest common factor of 182 and 78?
26
What is the greatest common divisor of 39 and 416?
13
Calculate the greatest common factor of 182 and 42.
14
Calculate the greatest common factor of 11206 and 26.
26
Calculate the highest common factor of 3395 and 1261.
97
What is the highest common factor of 496 and 16?
16
What is the greatest common factor of 24 and 20712?
24
What is the highest common factor of 61 and 1?
1
What is the highest common factor of 40 and 632?
8
What is the highest common factor of 169 and 78247?
169
What is the highest common divisor of 1349 and 19?
19
Calculate the highest common factor of 28 and 83286.
14
Calculate the greatest common divisor of 165 and 22.
11
What is the highest common factor of 8 and 376?
8
What is the highest common divisor of 162 and 12?
6
Calculate the highest common divisor of 19 and 4009.
19
Calculate the greatest common factor of 44 and 2013.
11
Calculate the greatest common divisor of 16 and 2864.
16
Calculate the highest common divisor of 11 and 8448.
11
What is the highest common factor of 20 and 140?
20
Calculate the highest common factor of 455 and 130.
65
What is the highest common divisor of 6482 and 42?
14
Calculate the greatest common factor of 430 and 774.
86
What is the highest common factor of 95 and 6365?
95
Calculate the greatest common divisor of 360 and 4275.
45
What is the highest common divisor of 9 and 93?
3
What is the highest common divisor of 25 and 3095?
5
Calculate the greatest common factor of 495 and 135.
45
What is the greatest common divisor of 16 and 1424?
16
Calculate the highest common divisor of 210 and 465.
15
Calculate the greatest common factor of 2318 and 122.
122
What is the greatest common factor of 24 and 32?
8
What is the greatest common factor of 260 and 3250?
130
Calculate the greatest common divisor of 15851 and 605.
121
Calculate the greatest common divisor of 2 and 58.
2
Calculate the highest common factor of 80 and 34.
2
What is the greatest common factor of 320 and 195?
5
What is the greatest common factor of 1445 and 595?
85
What is the highest common factor of 58 and 377?
29
Calculate the greatest common factor of 1332 and 370.
74
Calculate the highest common factor of 23 and 2.
1
What is the greatest common divisor of 5 and 520?
5
What is the highest common factor of 1282 and 2?
2
Calculate the highest common factor of 2070 and 115.
115
What is the greatest common divisor of 3632 and 24?
8
Calculate the highest common divisor of 3 and 5.
1
What is the highest common divisor of 19 and 57779?
19
What is the greatest common divisor of 132 and 99?
33
What is the greatest common factor of 14908 and 4?
4
Calculate the highest common factor of 1219 and 1961.
53
Calculate the highest common divisor of 203 and 116.
29
What is the greatest common divisor of 30 and 10095?
15
Calculate the highest common factor of 118 and 177.
59
Calculate the highest common factor of 40 and 2220.
20
Calculate the highest common factor of 6461 and 13.
13
Calculate the greatest common divisor of 3 and 51.
3
What is the greatest common factor of 442 and 34?
34
What is the highest common divisor of 4149 and 36?
9
Calculate the highest common factor of 91 and 1.
1
Calculate the greatest common factor of 19437 and 62.
31
Calculate the greatest common divisor of 1978 and 172.
86
What is the highest common divisor of 64 and 928?
32
What is the greatest common factor of 34 and 374?
34
What is the greatest common divisor of 987 and 210?
21
Calculate the highest common divisor of 60 and 135.
15
What is the highest common divisor of 544 and 306?
34
Calculate the highest common divisor of 416 and 26.
26
What is the greatest common divisor of 25 and 21025?
25
What is the greatest common factor of 143 and 1?
1
Calculate the highest common factor of 819 and 126.
63
What is the greatest common factor of 259 and 111?
37
Calculate the highest common divisor of 1465 and 5.
5
Calculate the highest common divisor of 21 and 15309.
21
What is the greatest common divisor of 35 and 63?
7
What is the greatest common factor of 9888 and 96?
96
What is the highest common divisor of 104 and 468?
52
Calculate the highest common divisor of 2121 and 21.
21
What is the greatest common divisor of 318 and 6?
6
What is the greatest common divisor of 220 and 8?
4
Calculate the greatest common divisor of 10 and 1130.
10
What is the highest common factor of 5 and 125?
5
Calculate the highest common factor of 90 and 50.
10
Calculate the highest common divisor of 288 and 480.
96
What is the highest common divisor of 76 and 38?
38
What is the highest common divisor of 364 and 56?
28
What is the highest common divisor of 132 and 1782?
66
Calculate the greatest common divisor of 314 and 34.
2
Calculate the greatest common divisor of 40 and 64.
8
What is the greatest common divisor of 7 and 2205?
7
Calculate the highest common factor of 33 and 459.
3
Calculate the highest common factor of 57 and 741.
57
What is the highest common divisor of 150 and 2190?
30
What is the highest common divisor of 2848 and 64?
32
What is the highest common divisor of 24 and 300?
12
What is the greatest common divisor of 6 and 48?
6
Calculate the greatest common factor of 1003 and 413.
59
Calculate the greatest common factor of 50 and 1210.
10
Calculate the greatest common divisor of 32 and 488.
8
What is the highest common factor of 899 and 29?
29
What is the greatest common factor of 544 and 64?
32
Calculate the highest common divisor of 245 and 235.
5
Calculate the greatest common factor of 140 and 70.
70
Calculate the greatest common divisor of 38 and 2603.
19
What is the highest common factor of 340 and 20?
20
Calculate the highest common divisor of 336 and 2604.
84
What is the greatest common factor of 33 and 2563?
11
What is the highest common divisor of 45 and 171?
9
What is the highest common divisor of 1848 and 5313?
231
Calculate the highest common divisor of 96 and 4640.
32
Calculate the highest common divisor of 228 and 36.
12
What is the highest common divisor of 8 and 104?
8
What is the highest common factor of 27 and 297?
27
What is the greatest common factor of 1581 and 102?
51
What is the greatest common divisor of 624 and 372?
12
Calculate the highest common factor of 42 and 6.
6
Calcu